+ 0*b = y - 7, 0 = 4*y + o*b - 10. Calculate the remainder when 13 is divided by y.
3
Let a(r) = -8*r - 23. Calculate the remainder when 49 is divided by a(-5).
15
Let l be (-4)/(12/(-9)) + 3. Let w(t) = -t**2 + 8*t - 7. Let m be w(l). Suppose -m*c + 24 = -c. What is the remainder when 17 is divided by c?
5
Suppose 0 = -3*t + i + 25, 4*t = -5*i + 1 + 26. Let g(p) = p**3 - 9*p**2 + 10*p - 9. Calculate the remainder when 19 is divided by g(t).
5
Suppose -4*p + 39 = -p. Let c = -66 + 116. What is the remainder when c is divided by p?
11
Suppose 12 = s - 4*o, 3*s = 4*s - 3*o - 15. Suppose -2*r = -4*r + s. What is the remainder when 33 is divided by r?
9
Let s = 113 + 36. What is the remainder when s is divided by 25?
24
Calculate the remainder when 130/2 + 0/24 is divided by 34.
31
Let y be -3 - (1 - (3 + 11)). What is the remainder when 19 is divided by y*-1*-1 - 0?
9
Let h(t) = t**3 + 4*t**2 - 4*t + 7. Let d be h(-5). Calculate the remainder when 5 is divided by (d + (-21)/15)*5.
2
What is the remainder when 1 - 0 - (-81 - -1) is divided by -2 - (17/(-1) + -6)?
18
Suppose 2*m + 2*f = -3*f + 119, 2*m - 69 = 5*f. Calculate the remainder when m is divided by (-4)/(-18) - 106/(-9).
11
Let n = -1 - -1. Suppose 0*h - 5*h + 50 = n. Calculate the remainder when 19 is divided by h.
9
Suppose -4*h - 11 - 18 = -3*a, 4*h + 8 = 0. Calculate the remainder when 34 is divided by a.
6
Suppose -2*c + 3*c - 4 = -j, 40 = 5*j + c. Calculate the remainder when j is divided by 6.
3
Let p be 76 - (1 - 0)*0. Suppose 5*x - 9 = p. What is the remainder when 67 is divided by x?
16
Suppose -11 + 57 = 2*y. Calculate the remainder when y is divided by 8.
7
Suppose 0*y - 2*y = -30. Calculate the remainder when ((-129)/6)/(3/(-6)) is divided by y.
13
Let g be (-1 - -38)/(-3 + 4). Suppose -g = -2*z + 13. What is the remainder when z is divided by 9?
7
Suppose 22*i + 204 = 25*i. Calculate the remainder when i is divided by 23.
22
Suppose -5*p - 78 = -6*d + 2*d, 0 = -d + 5*p + 27. Suppose 2*c + 2*c - 3*l = 33, 0 = -5*c - 4*l + 49. Calculate the remainder when d is divided by c.
8
Suppose 0 = 4*q + 5*b + 59, 3*b = q - 0*b + 2. Let i(k) = -k**2 - 10*k + 9. Let s be i(q). Calculate the remainder when 8 is divided by ((-12)/10)/(s/5).
2
Let o(k) = -7*k - 2. Suppose 5*w - v - 44 = 0, 0 = -5*w + 4*v - 0*v + 41. Calculate the remainder when o(-4) is divided by w.
8
Let s = 24 + -15. What is the remainder when 428/18 + (-2)/(-9) is divided by s?
6
Let c(d) = -5*d - 14. Calculate the remainder when 167 is divided by c(-7).
20
Suppose 5 = s - 30. Calculate the remainder when 69 is divided by s.
34
Suppose -11 = 4*o + 5. Suppose -3*u = -6*u + 123. What is the remainder when u is divided by o/14 - (-100)/7?
13
Let a be ((-10)/4)/(4/8). Let i = 59 + a. Let y = i + -35. Calculate the remainder when 37 is divided by y.
18
Let a(m) = -m**2 - 17*m - 7. What is the remainder when a(-8) is divided by 17?
14
Suppose -2*q + 5*o = 0, 5*q = -o - 2*o + 31. Suppose -300 = -q*p - 25. Calculate the remainder when p is divided by 14.
13
What is the remainder when 729/15 + 2/5 is divided by 17?
15
Let u(h) = h**2 + 5*h + 5. Let j be u(5). Suppose 5*a + 0*a = j. What is the remainder when (-5)/3*(0 - 12) is divided by a?
9
Let v(t) = 6*t + 2. Let j = 5 - -48. Let i = -27 + j. Calculate the remainder when i is divided by v(2).
12
Let m = 6 + -4. Suppose 0 = -2*v - m*q + 7*q + 21, 4*q - 3 = -5*v. Calculate the remainder when v is divided by 2.
1
Let j be (-1)/((-1)/(-43)*-1). Let a = j + -25. Suppose v = -v + a. What is the remainder when 16 is divided by v?
7
Let j = 18 + -22. What is the remainder when 49 is divided by (-2)/((-4)/18) - j?
10
Let d(a) = 2*a**2 - 15*a - 3. Calculate the remainder when d(11) is divided by 19.
17
Let t(q) = -q**3 - q**2 + 2*q + 1. Let x be t(-2). Suppose 4*u = 3*u - 3*b - x, -u + 3 = b. What is the remainder when 13 is divided by u?
3
What is the remainder when (-11)/(4/(-3 + -13)) is divided by 23?
21
Suppose -5*r - 97 = -3*y, -4*y + 8*y - r - 118 = 0. Let a = -33 - -48. Calculate the remainder when y is divided by a.
14
Let d = 69 + -31. Calculate the remainder when 111 is divided by d.
35
Calculate the remainder when (-129 - 3)/(-4) - 5 is divided by 10.
8
Let j = 5 + -3. Suppose -j*o = 122 - 448. Suppose -23 + o = 5*n. Calculate the remainder when n is divided by 10.
8
Suppose -39 = 6*o - 9*o. Calculate the remainder when 74 is divided by o.
9
Suppose 0*b + 3*b = 4*q - 38, 0 = 4*q - 4*b - 40. Let c(d) = 2*d + 8. Calculate the remainder when c(7) is divided by q.
6
Let k = -7 + 11. Suppose -224 = 2*i - k*i. Let v = i - 59. Calculate the remainder when v is divided by 14.
11
Let f = -46 + 66. Suppose 2*v = 28 + f. What is the remainder when v is divided by 9?
6
Suppose -19*h + 14*h + 270 = 0. What is the remainder when h is divided by 5?
4
Let m = -2 + 15. Calculate the remainder when m is divided by -1*(2 + -2) - -5.
3
Let j = -148 - -165. What is the remainder when j is divided by (-1)/(-3) - (-17)/3?
5
Let x(k) = 3*k**2 - 6*k + 1. Let y be x(4). Let s = y + -14. Let f = 20 - s. What is the remainder when f is divided by 4?
1
Let a(x) = x**3 - 3*x**2 - x + 6. What is the remainder when 28 is divided by a(3)?
1
What is the remainder when 3/(-18) - (-1262)/12 is divided by 27?
24
Let s(v) = -v**2 - 10*v - 1. Let p be s(-10). Let j = 5 + p. Let i = 19 - 13. Calculate the remainder when i is divided by j.
2
Let a = 29 + 17. Let c = 4 - -8. Calculate the remainder when a is divided by c.
10
Let b(s) = s. Let d be b(2). Suppose 19 = -h + d*h. Suppose -50 = -4*a - a. Calculate the remainder when h is divided by a.
9
Let r = 12 - -2. Let o = 2 - 4. Let t(i) = -13*i + 1. What is the remainder when t(o) is divided by r?
13
Let j = 14 + -14. Suppose -3*y - 2*y + 55 = j. Calculate the remainder when 20 is divided by y.
9
Let f(g) = -2*g**2 - 24*g - 60. Suppose r - 5 = 16. Calculate the remainder when r is divided by f(-6).
9
Let a(i) be the second derivative of 19*i**5/20 + i**4/12 - i**3/3 + i**2/2 - i. What is the remainder when a(1) is divided by (-74)/(-10) - 8/20?
5
Let d(s) = -s**2 + 16*s - 15. Let y(g) = g**2 - 4*g + 6. Let w be y(5). What is the remainder when d(w) is divided by 14?
12
Let p = -5 - -5. Calculate the remainder when (p - -2) + 1 + 8 is divided by 4.
3
Suppose 0 = -2*o + o - 14. Let u = 52 - 29. Let q = u + o. Calculate the remainder when q is divided by 5.
4
Let m(l) = -23*l. Let x be m(-1). Suppose -x = 3*t - 116. What is the remainder when 60 is divided by t?
29
Suppose -3*r - 9 = 0, -3*y = y - 2*r - 14. Calculate the remainder when y is divided by (5 + -1)*(-2)/(-4) - 1.
0
Suppose -2*v + 24 = -18. What is the remainder when 61 is divided by v?
19
Let p = 93 + -66. Suppose -3*v = -2*k + p + 6, 5*v = -2*k + 25. Suppose 81 = 2*m + m. Calculate the remainder when m is divided by k.
12
Suppose -5*c + i + 48 = 0, -c + 3*i - 36 = -4*c. What is the remainder when c is divided by 3?
1
Let z(h) = h**3 + 2*h**2 - h - 1. Let k(t) = t. Let b be k(-1). What is the remainder when (b - -1) + 2/2 is divided by z(1)?
0
Suppose 3*r - 4*r = 3*g - 29, -53 = -2*r - 5*g. What is the remainder when 41 is divided by r?
13
Let s(w) be the second derivative of -11*w**3/6 - 5*w**2/2 + 3*w. What is the remainder when s(-6) is divided by 21?
19
What is the remainder when 4 + (1 - -2) + -3 is divided by 2?
0
Let o(i) = 2*i**2 + 1. Let t = 4 + -6. Calculate the remainder when (1 + 0)*-1*-17 is divided by o(t).
8
Let m = -14 + 19. Suppose -4*d + 0*d + 3*c = -35, -5*c = m. Calculate the remainder when 21 is divided by d.
5
Suppose 5*k + 0*k + 380 = 0. Let n = 135 + k. Calculate the remainder when n is divided by 20.
19
Let r(a) = -2*a**2 + 0*a - 2*a**3 - 2*a + 4*a**3. What is the remainder when 14 is divided by r(2)?
2
Let j(m) = -14*m + 4. Let l(v) = v - 1. Let p(b) = -j(b) - 5*l(b). Calculate the remainder when 113/4 - 2/8 is divided by p(1).
8
Let c be (-6)/3 + -2 + -15. Let y = 11 + c. Calculate the remainder when 17 is divided by -8*(14/y + 1).
5
Let z be (-2 + -1)*(-11)/3. Suppose f + 0 - z = 0. Calculate the remainder when 20 is divided by f.
9
Suppose -5*t - 4 = -5*l + 1, -l - 1 = -2*t. Let r = 3 + 0. Calculate the remainder when r is divided by t.
1
Let w be (2/(-1))/((-3)/(-6)). Le